{"id":1495,"date":"2023-10-29T15:15:01","date_gmt":"2023-10-29T15:15:01","guid":{"rendered":"https:\/\/wetmaxpaint.com\/?post_type=product&#038;p=1495"},"modified":"2024-03-23T16:15:51","modified_gmt":"2024-03-23T16:15:51","slug":"bot-ba-noi-ngoai-that","status":"publish","type":"product","link":"https:\/\/centnano.vn\/?product=bot-ba-noi-ngoai-that","title":{"rendered":"B\u1ed8T B\u1ea2 N\u1ed8I NGO\u1ea0I TH\u1ea4T CAO C\u1ea4P"},"content":{"rendered":"<p><strong>TH\u00c0NH PH\u1ea6N C\u1ea4U T\u1ea0O<br \/>\n<\/strong>B\u1ed9t canxi\u2026\u2026\u2026\u2026\u2026\u2026\u2026\u2026\u2026\u2026\u2026.70%<br \/>\nKeo v\u00e0 c\u00e1c h\u1ed7n h\u1ee3p kh\u00e1c \u2026\u2026.30%<\/p>\n<p><strong>CH\u1ec8 TI\u00caU CH\u1ea4T L\u01af\u1ee2NG<br \/>\n<\/strong>\u0110\u1ed9 b\u00e1m d\u00ednh sau 168 gi\u1edd, trong kho\u1ea3ng: 025-0.65N\/mm\u00b2 WI-TM-036<br \/>\nL\u1ef1c ch\u1ecbu n\u00e9n sau 168 gi\u1edd, trong kho\u1ea3ng:\u00a0 \u00a0 \u00a0 \u00a09.0-13.0KN WI-TM-036<\/p>\n<p><strong>H\u01af\u1edaNG D\u1eaaN S\u1eec D\u1ee4NG<br \/>\n<\/strong>B\u1ed9t b\u1ea3 ngo\u1ea1i th\u1ea5p cao c\u1ea5p khuy\u00ean d\u00f9ng cho c\u00e1c lo\u1ea1i s\u01a1n gi\u00fap che l\u1ea5p c\u00e1c l\u1ed7 h\u1ed5ng v\u00e0 l\u00e0m ph\u1eb3ng c\u00e1c b\u1ec1 m\u1eb7t h\u1ed1 v\u1eefa hay b\u00ea t\u00f4ng tr\u01b0\u1edbc khi s\u01a1n l\u00f3t. c\u00f3 \u0111\u1ed9 d\u1ebbo c\u00e1o, m\u1ecbn, d\u1ec5 thi c\u00f4ng. T\u0103ng t\u00ednh th\u1ea9m m\u1ef9 cho l\u1edbp s\u01a1n. Th\u00edch h\u1ee3p cho c\u00e1c lo\u1ea1i s\u01a1n do s\u1ea3n xu\u1ea5t.<br \/>\nKh\u00f4ng ch\u1ee9a ch\u00ec v\u00e0 th\u1ee7y ng\u00e2n.<\/p>\n<table style=\"color: #003463;\">\n<tbody>\n<tr>\n<td width=\"126\"><\/td>\n<td width=\"252\">T\u01b0\u1eddng c\u0169 v\u00e0 m\u1edbi<\/td>\n<\/tr>\n<tr>\n<td width=\"126\">B\u1ed9t b\u1ea3<\/td>\n<td width=\"252\">B\u1ea3 1 \u2013 2 l\u1edbp b\u1ed9t b\u1ea3 cao c\u1ea5p<\/td>\n<\/tr>\n<tr>\n<td width=\"126\">S\u01a1n l\u00f3t<\/td>\n<td width=\"252\">L\u00f3t 02 l\u1edbp s\u01a1n l\u00f3t kh\u00e1ng ki\u1ec1m<\/td>\n<\/tr>\n<tr>\n<td width=\"126\">S\u01a1n ph\u1ee7<\/td>\n<td width=\"252\">Ph\u1ee7 02 l\u1edbp s\u01a1n ph\u1ee7<\/td>\n<\/tr>\n<\/tbody>\n<\/table>\n<p><strong>B\u01af\u1edaC CHU\u1ea8N B\u1eca<br \/>\n<\/strong>T\u01b0\u1eddng ph\u1ea3i \u0111\u01b0\u1ee3c x\u1eed l\u00fd tr\u01b0\u1edbc khi tr\u00e9t , t\u00e1t c\u1ea3 c\u00e1c b\u1ec1 m\u1eb7t ph\u1ea3i s\u1ea1ch v\u00e0 kh\u00f4. \u0110\u1ed9 \u1ea9m kh\u00f4ng qu\u00e1 16%, kh\u00f4ng b\u00e1m b\u1ee5i\u00a0 hay s\u00e1p d\u1ea7u m\u1ee1, c\u00e1c v\u1ebft n\u1ee9t l\u1edbn tr\u00ean b\u1ec1 m\u1eb7t t\u01b0\u1eddng, n\u1ebfu b\u1ec1 m\u1eb7t b\u1ecb m\u1ed1c ph\u1ea3i s\u1eed d\u1ee5ng h\u00f3a ch\u1ea5t ph\u00f9 h\u1ee3p \u0111\u1ec3 di\u1ec7t h\u1ebft n\u1ea5m m\u1ed1c<\/p>\n<p><strong>B\u1ea2O QU\u1ea2N<br \/>\n<\/strong>\u0110\u1ec3 n\u01a1i kh\u00f4 r\u00e1o.<br \/>\nKh\u00f4ng x\u1ebfp ch\u1ed3ng qu\u00e1 10 bao<\/p>\n<p><strong>\u0110\u1eb6C T\u00cdNH<br \/>\n<\/strong>M\u00e0u tr\u1eafng, \u0111\u1ed9 ph\u1ee7 l\u00fd thuy\u1ebft: 0.95-1.1m\u00b2\/kg\/l\u1edbp<\/p>\n<p><strong>KHUY\u1ebeN C\u00c1O<br \/>\n<\/strong>\u0110\u1ec3 tr\u00e1nh nh\u1eefng s\u1ef1 c\u1ed1 sau khi s\u01a1n nh\u01b0 b\u00f3ng tr\u00f3c, \u1ed1 m\u00e0u, lo\u00e0n m\u00e0u c\u1ea7n tu\u00e2n th\u1ee7 h\u01b0\u1edbng d\u1eabn c\u1ee7a nh\u00e0 s\u1ea3n xu\u1ea5t.<br \/>\n\u0110\u1eb7c bi\u1ec7t c\u1ea7n ch\u00fa \u00fd nh\u1eefng \u0111i\u1ec1u sau:<br \/>\n\u2013 Kh\u00f4ng tr\u00e9t l\u00ean b\u1ec1 m\u1eb7t c\u00f3 nhi\u1ec7t \u0111\u1ed9 tr\u00ean 40 \u0111\u1ed9 C<br \/>\n\u2013 Tr\u01b0\u1eddng h\u1ee3p tr\u01b0\u1eddn qu\u00e1 kh\u00f4 v\u00e0 v\u1ec1 m\u1eb7t h\u00fat n\u01b0\u1edbc, c\u1ea7n ph\u1ea3i l\u00e0m \u1ea9m v\u00e0 gi\u1ea3m nhi\u1ec7t \u0111\u1ed9 b\u1ec1 m\u1eb7t t\u01b0\u1eddng b\u1eb1ng n\u01b0\u1edbc s\u1ea1ch theo ph\u01b0\u01a1ng ph\u00e1p phun s\u01b0\u01a1ng.<br \/>\n\u2013 \u0110\u1ecdc k\u1ef9 h\u01b0\u1edbng d\u1eabn s\u1eed d\u1ee5ng tr\u01b0\u1edbc khi d\u00f9ng.<\/p>\n<p><strong>C\u00c1CH S\u1eec D\u1ee4NG<br \/>\n<\/strong>\u2013 B\u1ea3o \u0111\u1ea3m b\u1ec1 m\u1eb7t thi c\u00f4ng ph\u1ea3i th\u1eadt s\u1ea1ch, kh\u00f4ng qu\u00e1 l\u1ed3i l\u00f5m v\u00e0 c\u00f3 \u0111\u1ed9 \u1ea9m kh\u00f4ng qu\u00e1 16%<br \/>\n\u2013 T\u1ec9 l\u1ec7 pha tr\u1ed9n v\u1edbi n\u01b0\u1edbc l\u00e0 0.4 l\u00edt n\u01b0\u1edbc s\u1ea1ch cho 1kg b\u1ed9t ho\u1eb7c 16 l\u00edt n\u01b0\u1edbc cho m\u1ed9t bao 40kg<br \/>\n\u2013 \u0110\u1ed5 b\u1ed9t b\u1ea3 t\u1eeb t\u1eeb v\u00e0o n\u01b0\u1edbc \u0111\u1ec3 tr\u00e1nh v\u00f3n c\u1ee5c<br \/>\n\u2013 Sau khi tr\u1ed9n \u0111\u1ec1u th\u00e0nh m\u1ed9t h\u1ed7n h\u1ee3p \u0111\u1ed3ng nh\u1ea5t, n\u00ean ch\u1edd kho\u1ea3ng 5-7 ph\u00fat cho h\u00f3a ch\u1ea5t ph\u00e1t huy. Sau \u0111\u00f3 tr\u1ed9n b\u1ed9t l\u1ea1i m\u1ed9t l\u1ea7n n\u1eefa r\u1ed3i thi c\u00f4ng<br \/>\n\u2013 N\u00ean thi c\u00f4ng b\u1eb1ng dao (bay) th\u00e9p ho\u1eb7c b\u1eb1ng dao nh\u1ef1a<br \/>\n\u2013 Kh\u00f4ng n\u00ean thi c\u00f4ng l\u1edbp ph\u1ee7 d\u00e0y qu\u00e1 3mm<\/p>\n<p><strong>TH\u00d4NG TIN AN TO\u00c0N<br \/>\n<\/strong>Thi c\u00f4ng \u1edf n\u01a1i th\u00f4ng tho\u00e1ng<br \/>\nTr\u00e1nh ti\u1ebfp x\u00fac v\u1edbi da ho\u1eb7c m\u1eaft<br \/>\nMang g\u0103ng tay, kh\u1ea9u trang v\u00e0 k\u00ednh b\u1ea3o h\u1ed9 th\u00edch h\u1ee3p trong l\u00fac thi c\u00f4ng<br \/>\nKhi b\u1ecb d\u00ednh s\u01a1n v\u00e0o m\u1eaft n\u00ean r\u1eeda v\u1edbi nhi\u1ec1u n\u01b0\u1edbc s\u1ea1ch v\u00e0 n\u00ean g\u1eb7p b\u00e1c s\u0129 ngay<br \/>\n\u0110\u1eb7t th\u00f9ng s\u01a1n \u1edf v\u1ecb tr\u00ed th\u1eb3ng \u0111\u1ee9ng, an to\u00e0n, \u0111\u1eady ch\u1eb7t n\u1eafp<br \/>\nB\u1ea3o qu\u1ea3n n\u01a1i kh\u00f4 m\u00e1t, d\u00f9ng ngay sau khi m\u1edf n\u1eafp s\u1ea3n ph\u1ea9m<\/p>\n","protected":false},"excerpt":{"rendered":"<p><span style=\"color: #ff0000;\"><strong><span style=\"font-size: 150%;\">Li\u00ean h\u1ec7: 0949.973.773<\/span><\/strong><\/span><\/p>\n","protected":false},"featured_media":3559,"comment_status":"open","ping_status":"closed","template":"","meta":[],"product_cat":[330],"product_tag":[331,332,333],"class_list":{"0":"post-1495","1":"product","2":"type-product","3":"status-publish","4":"has-post-thumbnail","6":"product_cat-bot-ba","7":"product_tag-bot-ba","8":"product_tag-bot-ba-ngoai-that","9":"product_tag-bot-ba-noi-that","11":"first","12":"instock","13":"shipping-taxable","14":"product-type-simple"},"_links":{"self":[{"href":"https:\/\/centnano.vn\/index.php?rest_route=\/wp\/v2\/product\/1495","targetHints":{"allow":["GET"]}}],"collection":[{"href":"https:\/\/centnano.vn\/index.php?rest_route=\/wp\/v2\/product"}],"about":[{"href":"https:\/\/centnano.vn\/index.php?rest_route=\/wp\/v2\/types\/product"}],"replies":[{"embeddable":true,"href":"https:\/\/centnano.vn\/index.php?rest_route=%2Fwp%2Fv2%2Fcomments&post=1495"}],"wp:featuredmedia":[{"embeddable":true,"href":"https:\/\/centnano.vn\/index.php?rest_route=\/wp\/v2\/media\/3559"}],"wp:attachment":[{"href":"https:\/\/centnano.vn\/index.php?rest_route=%2Fwp%2Fv2%2Fmedia&parent=1495"}],"wp:term":[{"taxonomy":"product_cat","embeddable":true,"href":"https:\/\/centnano.vn\/index.php?rest_route=%2Fwp%2Fv2%2Fproduct_cat&post=1495"},{"taxonomy":"product_tag","embeddable":true,"href":"https:\/\/centnano.vn\/index.php?rest_route=%2Fwp%2Fv2%2Fproduct_tag&post=1495"}],"curies":[{"name":"wp","href":"https:\/\/api.w.org\/{rel}","templated":true}]}}